{"id":6542,"date":"2023-10-13T07:28:00","date_gmt":"2023-10-13T07:28:00","guid":{"rendered":"https:\/\/hasch.lcmx.at\/seminare\/lehrgang-akademie-arbeitsrecht-modul-3-urlaub-krankenstand-und-dienstverhinderung-19-11-2021\/"},"modified":"2023-10-13T07:28:00","modified_gmt":"2023-10-13T07:28:00","slug":"lehrgang-akademie-arbeitsrecht-modul-3-urlaub-krankenstand-und-dienstverhinderung-19-11-2021","status":"publish","type":"seminare","link":"https:\/\/www.hasch.eu\/en\/seminare\/lehrgang-akademie-arbeitsrecht-modul-3-urlaub-krankenstand-und-dienstverhinderung-19-11-2021\/","title":{"rendered":"Lehrgang Akademie Arbeitsrecht &#8211; Modul 3 &#8211; Urlaub, Krankenstand und Dienstverhinderung 19.11.2021"},"content":{"rendered":"<p>In der Akademie Arbeitsrecht behandeln Sie die wichtigen Themen des Arbeitsrechts, die in der t\u00e4glichen Arbeit gro\u00dfe Bedeutung aufweisen.<\/p>\n<p>Nutzen Sie die Gelegenheit, Zweifelsfragen mit hochkar\u00e4tigen Arbeitsrechts-Experten zu diskutieren und mit Kollegen Praxiserfahrungen auszutauschen. Profitieren Sie vom einzigartigen Akademieformat: P\u00e4sentation von Fachexpertise, Darstellung aktueller Fallbeispiele aus der Praxis, Kommentierung durch Top-Arbeitsrechtsexperten, Diskussion und Erfahrungsaustausch.<\/p>\n<p><a href=\"https:\/\/www.hasch.eu\/wp-content\/uploads\/2023\/11\/2412_Akademie_Arbeitsrecht___WIFI_Oberoesterreich.pdf\" target=\"_blank\" rel=\"noopener\">Programm downloaden<\/a><\/p>\n","protected":false},"featured_media":0,"template":"","class_list":["post-6542","seminare","type-seminare","status-publish","hentry"],"acf":[],"yoast_head":"<!-- This site is optimized with the Yoast SEO plugin v26.9 - https:\/\/yoast.com\/product\/yoast-seo-wordpress\/ -->\n<title>Lehrgang Akademie Arbeitsrecht - Modul 3 - Urlaub, Krankenstand und Dienstverhinderung 19.11.2021 - Hasch<\/title>\n<meta name=\"robots\" content=\"index, follow, max-snippet:-1, max-image-preview:large, max-video-preview:-1\" \/>\n<link rel=\"canonical\" href=\"https:\/\/www.hasch.eu\/en\/seminare\/lehrgang-akademie-arbeitsrecht-modul-3-urlaub-krankenstand-und-dienstverhinderung-19-11-2021\/\" \/>\n<meta property=\"og:locale\" content=\"en_US\" \/>\n<meta property=\"og:type\" content=\"article\" \/>\n<meta property=\"og:title\" content=\"Lehrgang Akademie Arbeitsrecht - Modul 3 - Urlaub, Krankenstand und Dienstverhinderung 19.11.2021 - Hasch\" \/>\n<meta property=\"og:description\" content=\"In der Akademie Arbeitsrecht behandeln Sie die wichtigen Themen des Arbeitsrechts, die in der t\u00e4glichen Arbeit gro\u00dfe Bedeutung aufweisen. Nutzen Sie die Gelegenheit, Zweifelsfragen mit hochkar\u00e4tigen Arbeitsrechts-Experten zu diskutieren und mit Kollegen Praxiserfahrungen auszutauschen. Profitieren Sie vom einzigartigen Akademieformat: P\u00e4sentation von Fachexpertise, Darstellung aktueller Fallbeispiele aus der Praxis, Kommentierung durch Top-Arbeitsrechtsexperten, Diskussion und Erfahrungsaustausch. Programm...\" \/>\n<meta property=\"og:url\" content=\"https:\/\/www.hasch.eu\/en\/seminare\/lehrgang-akademie-arbeitsrecht-modul-3-urlaub-krankenstand-und-dienstverhinderung-19-11-2021\/\" \/>\n<meta property=\"og:site_name\" content=\"Hasch\" \/>\n<meta name=\"twitter:card\" content=\"summary_large_image\" \/>\n<script type=\"application\/ld+json\" class=\"yoast-schema-graph\">{\"@context\":\"https:\/\/schema.org\",\"@graph\":[{\"@type\":\"WebPage\",\"@id\":\"https:\/\/www.hasch.eu\/en\/seminare\/lehrgang-akademie-arbeitsrecht-modul-3-urlaub-krankenstand-und-dienstverhinderung-19-11-2021\/\",\"url\":\"https:\/\/www.hasch.eu\/en\/seminare\/lehrgang-akademie-arbeitsrecht-modul-3-urlaub-krankenstand-und-dienstverhinderung-19-11-2021\/\",\"name\":\"Lehrgang Akademie Arbeitsrecht - Modul 3 - Urlaub, Krankenstand und Dienstverhinderung 19.11.2021 - Hasch\",\"isPartOf\":{\"@id\":\"https:\/\/www.hasch.eu\/en\/#website\"},\"datePublished\":\"2023-10-13T07:28:00+00:00\",\"breadcrumb\":{\"@id\":\"https:\/\/www.hasch.eu\/en\/seminare\/lehrgang-akademie-arbeitsrecht-modul-3-urlaub-krankenstand-und-dienstverhinderung-19-11-2021\/#breadcrumb\"},\"inLanguage\":\"en-US\",\"potentialAction\":[{\"@type\":\"ReadAction\",\"target\":[\"https:\/\/www.hasch.eu\/en\/seminare\/lehrgang-akademie-arbeitsrecht-modul-3-urlaub-krankenstand-und-dienstverhinderung-19-11-2021\/\"]}]},{\"@type\":\"BreadcrumbList\",\"@id\":\"https:\/\/www.hasch.eu\/en\/seminare\/lehrgang-akademie-arbeitsrecht-modul-3-urlaub-krankenstand-und-dienstverhinderung-19-11-2021\/#breadcrumb\",\"itemListElement\":[{\"@type\":\"ListItem\",\"position\":1,\"name\":\"Startseite\",\"item\":\"https:\/\/www.hasch.eu\/en\/\"},{\"@type\":\"ListItem\",\"position\":2,\"name\":\"Lehrgang Akademie Arbeitsrecht &#8211; Modul 3 &#8211; Urlaub, Krankenstand und Dienstverhinderung 19.11.2021\"}]},{\"@type\":\"WebSite\",\"@id\":\"https:\/\/www.hasch.eu\/en\/#website\",\"url\":\"https:\/\/www.hasch.eu\/en\/\",\"name\":\"HASCH UND PARTNER Rechtsanw\u00e4lte f\u00fcr Wirtschaftsrecht in Linz und Wien\",\"description\":\"\",\"publisher\":{\"@id\":\"https:\/\/www.hasch.eu\/en\/#organization\"},\"potentialAction\":[{\"@type\":\"SearchAction\",\"target\":{\"@type\":\"EntryPoint\",\"urlTemplate\":\"https:\/\/www.hasch.eu\/en\/?s={search_term_string}\"},\"query-input\":{\"@type\":\"PropertyValueSpecification\",\"valueRequired\":true,\"valueName\":\"search_term_string\"}}],\"inLanguage\":\"en-US\"},{\"@type\":\"Organization\",\"@id\":\"https:\/\/www.hasch.eu\/en\/#organization\",\"name\":\"HASCH UND PARTNER Rechtsanw\u00e4lte GmbH\",\"url\":\"https:\/\/www.hasch.eu\/en\/\",\"logo\":{\"@type\":\"ImageObject\",\"inLanguage\":\"en-US\",\"@id\":\"https:\/\/www.hasch.eu\/en\/#\/schema\/logo\/image\/\",\"url\":\"https:\/\/www.hasch.eu\/wp-content\/uploads\/2023\/12\/cropped-Hasp-Logo-RGB-NEG.png\",\"contentUrl\":\"https:\/\/www.hasch.eu\/wp-content\/uploads\/2023\/12\/cropped-Hasp-Logo-RGB-NEG.png\",\"width\":512,\"height\":512,\"caption\":\"HASCH UND PARTNER Rechtsanw\u00e4lte GmbH\"},\"image\":{\"@id\":\"https:\/\/www.hasch.eu\/en\/#\/schema\/logo\/image\/\"}}]}<\/script>\n<!-- \/ Yoast SEO plugin. -->","yoast_head_json":{"title":"Lehrgang Akademie Arbeitsrecht - Modul 3 - Urlaub, Krankenstand und Dienstverhinderung 19.11.2021 - Hasch","robots":{"index":"index","follow":"follow","max-snippet":"max-snippet:-1","max-image-preview":"max-image-preview:large","max-video-preview":"max-video-preview:-1"},"canonical":"https:\/\/www.hasch.eu\/en\/seminare\/lehrgang-akademie-arbeitsrecht-modul-3-urlaub-krankenstand-und-dienstverhinderung-19-11-2021\/","og_locale":"en_US","og_type":"article","og_title":"Lehrgang Akademie Arbeitsrecht - Modul 3 - Urlaub, Krankenstand und Dienstverhinderung 19.11.2021 - Hasch","og_description":"In der Akademie Arbeitsrecht behandeln Sie die wichtigen Themen des Arbeitsrechts, die in der t\u00e4glichen Arbeit gro\u00dfe Bedeutung aufweisen. Nutzen Sie die Gelegenheit, Zweifelsfragen mit hochkar\u00e4tigen Arbeitsrechts-Experten zu diskutieren und mit Kollegen Praxiserfahrungen auszutauschen. Profitieren Sie vom einzigartigen Akademieformat: P\u00e4sentation von Fachexpertise, Darstellung aktueller Fallbeispiele aus der Praxis, Kommentierung durch Top-Arbeitsrechtsexperten, Diskussion und Erfahrungsaustausch. Programm...","og_url":"https:\/\/www.hasch.eu\/en\/seminare\/lehrgang-akademie-arbeitsrecht-modul-3-urlaub-krankenstand-und-dienstverhinderung-19-11-2021\/","og_site_name":"Hasch","twitter_card":"summary_large_image","schema":{"@context":"https:\/\/schema.org","@graph":[{"@type":"WebPage","@id":"https:\/\/www.hasch.eu\/en\/seminare\/lehrgang-akademie-arbeitsrecht-modul-3-urlaub-krankenstand-und-dienstverhinderung-19-11-2021\/","url":"https:\/\/www.hasch.eu\/en\/seminare\/lehrgang-akademie-arbeitsrecht-modul-3-urlaub-krankenstand-und-dienstverhinderung-19-11-2021\/","name":"Lehrgang Akademie Arbeitsrecht - Modul 3 - Urlaub, Krankenstand und Dienstverhinderung 19.11.2021 - Hasch","isPartOf":{"@id":"https:\/\/www.hasch.eu\/en\/#website"},"datePublished":"2023-10-13T07:28:00+00:00","breadcrumb":{"@id":"https:\/\/www.hasch.eu\/en\/seminare\/lehrgang-akademie-arbeitsrecht-modul-3-urlaub-krankenstand-und-dienstverhinderung-19-11-2021\/#breadcrumb"},"inLanguage":"en-US","potentialAction":[{"@type":"ReadAction","target":["https:\/\/www.hasch.eu\/en\/seminare\/lehrgang-akademie-arbeitsrecht-modul-3-urlaub-krankenstand-und-dienstverhinderung-19-11-2021\/"]}]},{"@type":"BreadcrumbList","@id":"https:\/\/www.hasch.eu\/en\/seminare\/lehrgang-akademie-arbeitsrecht-modul-3-urlaub-krankenstand-und-dienstverhinderung-19-11-2021\/#breadcrumb","itemListElement":[{"@type":"ListItem","position":1,"name":"Startseite","item":"https:\/\/www.hasch.eu\/en\/"},{"@type":"ListItem","position":2,"name":"Lehrgang Akademie Arbeitsrecht &#8211; Modul 3 &#8211; Urlaub, Krankenstand und Dienstverhinderung 19.11.2021"}]},{"@type":"WebSite","@id":"https:\/\/www.hasch.eu\/en\/#website","url":"https:\/\/www.hasch.eu\/en\/","name":"HASCH UND PARTNER Rechtsanw\u00e4lte f\u00fcr Wirtschaftsrecht in Linz und Wien","description":"","publisher":{"@id":"https:\/\/www.hasch.eu\/en\/#organization"},"potentialAction":[{"@type":"SearchAction","target":{"@type":"EntryPoint","urlTemplate":"https:\/\/www.hasch.eu\/en\/?s={search_term_string}"},"query-input":{"@type":"PropertyValueSpecification","valueRequired":true,"valueName":"search_term_string"}}],"inLanguage":"en-US"},{"@type":"Organization","@id":"https:\/\/www.hasch.eu\/en\/#organization","name":"HASCH UND PARTNER Rechtsanw\u00e4lte GmbH","url":"https:\/\/www.hasch.eu\/en\/","logo":{"@type":"ImageObject","inLanguage":"en-US","@id":"https:\/\/www.hasch.eu\/en\/#\/schema\/logo\/image\/","url":"https:\/\/www.hasch.eu\/wp-content\/uploads\/2023\/12\/cropped-Hasp-Logo-RGB-NEG.png","contentUrl":"https:\/\/www.hasch.eu\/wp-content\/uploads\/2023\/12\/cropped-Hasp-Logo-RGB-NEG.png","width":512,"height":512,"caption":"HASCH UND PARTNER Rechtsanw\u00e4lte GmbH"},"image":{"@id":"https:\/\/www.hasch.eu\/en\/#\/schema\/logo\/image\/"}}]}},"_links":{"self":[{"href":"https:\/\/www.hasch.eu\/en\/wp-json\/wp\/v2\/seminare\/6542","targetHints":{"allow":["GET"]}}],"collection":[{"href":"https:\/\/www.hasch.eu\/en\/wp-json\/wp\/v2\/seminare"}],"about":[{"href":"https:\/\/www.hasch.eu\/en\/wp-json\/wp\/v2\/types\/seminare"}],"wp:attachment":[{"href":"https:\/\/www.hasch.eu\/en\/wp-json\/wp\/v2\/media?parent=6542"}],"curies":[{"name":"wp","href":"https:\/\/api.w.org\/{rel}","templated":true}]}}

<p>In der Akademie Arbeitsrecht behandeln Sie die wichtigen Themen des Arbeitsrechts, die in der täglichen Arbeit große Bedeutung aufweisen.</p>
<p>Nutzen Sie die Gelegenheit, Zweifelsfragen mit hochkarätigen Arbeitsrechts-Experten zu diskutieren und mit Kollegen Praxiserfahrungen auszutauschen. Profitieren Sie vom einzigartigen Akademieformat: Päsentation von Fachexpertise, Darstellung aktueller Fallbeispiele aus der Praxis, Kommentierung durch Top-Arbeitsrechtsexperten, Diskussion und Erfahrungsaustausch.</p>
<p><a href="https://www.hasch.eu/wp-content/uploads/2023/11/2412_Akademie_Arbeitsrecht___WIFI_Oberoesterreich.pdf" target="_blank" rel="noopener">Programm downloaden</a></p>

<!-- This site is optimized with the Yoast SEO plugin v26.9 - https://yoast.com/product/yoast-seo-wordpress/ -->
<title>Lehrgang Akademie Arbeitsrecht - Modul 3 - Urlaub, Krankenstand und Dienstverhinderung 19.11.2021 - Hasch</title>
<meta name="robots" content="index, follow, max-snippet:-1, max-image-preview:large, max-video-preview:-1" />
<link rel="canonical" href="https://www.hasch.eu/en/seminare/lehrgang-akademie-arbeitsrecht-modul-3-urlaub-krankenstand-und-dienstverhinderung-19-11-2021/" />
<meta property="og:locale" content="en_US" />
<meta property="og:type" content="article" />
<meta property="og:title" content="Lehrgang Akademie Arbeitsrecht - Modul 3 - Urlaub, Krankenstand und Dienstverhinderung 19.11.2021 - Hasch" />
<meta property="og:description" content="In der Akademie Arbeitsrecht behandeln Sie die wichtigen Themen des Arbeitsrechts, die in der täglichen Arbeit große Bedeutung aufweisen. Nutzen Sie die Gelegenheit, Zweifelsfragen mit hochkarätigen Arbeitsrechts-Experten zu diskutieren und mit Kollegen Praxiserfahrungen auszutauschen. Profitieren Sie vom einzigartigen Akademieformat: Päsentation von Fachexpertise, Darstellung aktueller Fallbeispiele aus der Praxis, Kommentierung durch Top-Arbeitsrechtsexperten, Diskussion und Erfahrungsaustausch. Programm..." />
<meta property="og:url" content="https://www.hasch.eu/en/seminare/lehrgang-akademie-arbeitsrecht-modul-3-urlaub-krankenstand-und-dienstverhinderung-19-11-2021/" />
<meta property="og:site_name" content="Hasch" />
<meta name="twitter:card" content="summary_large_image" />
<script type="application/ld+json" class="yoast-schema-graph">{"@context":"https://schema.org","@graph":[{"@type":"WebPage","@id":"https://www.hasch.eu/en/seminare/lehrgang-akademie-arbeitsrecht-modul-3-urlaub-krankenstand-und-dienstverhinderung-19-11-2021/","url":"https://www.hasch.eu/en/seminare/lehrgang-akademie-arbeitsrecht-modul-3-urlaub-krankenstand-und-dienstverhinderung-19-11-2021/","name":"Lehrgang Akademie Arbeitsrecht - Modul 3 - Urlaub, Krankenstand und Dienstverhinderung 19.11.2021 - Hasch","isPartOf":{"@id":"https://www.hasch.eu/en/#website"},"datePublished":"2023-10-13T07:28:00+00:00","breadcrumb":{"@id":"https://www.hasch.eu/en/seminare/lehrgang-akademie-arbeitsrecht-modul-3-urlaub-krankenstand-und-dienstverhinderung-19-11-2021/#breadcrumb"},"inLanguage":"en-US","potentialAction":[{"@type":"ReadAction","target":["https://www.hasch.eu/en/seminare/lehrgang-akademie-arbeitsrecht-modul-3-urlaub-krankenstand-und-dienstverhinderung-19-11-2021/"]}]},{"@type":"BreadcrumbList","@id":"https://www.hasch.eu/en/seminare/lehrgang-akademie-arbeitsrecht-modul-3-urlaub-krankenstand-und-dienstverhinderung-19-11-2021/#breadcrumb","itemListElement":[{"@type":"ListItem","position":1,"name":"Startseite","item":"https://www.hasch.eu/en/"},{"@type":"ListItem","position":2,"name":"Lehrgang Akademie Arbeitsrecht &#8211; Modul 3 &#8211; Urlaub, Krankenstand und Dienstverhinderung 19.11.2021"}]},{"@type":"WebSite","@id":"https://www.hasch.eu/en/#website","url":"https://www.hasch.eu/en/","name":"HASCH UND PARTNER Rechtsanwälte für Wirtschaftsrecht in Linz und Wien","description":"","publisher":{"@id":"https://www.hasch.eu/en/#organization"},"potentialAction":[{"@type":"SearchAction","target":{"@type":"EntryPoint","urlTemplate":"https://www.hasch.eu/en/?s={search_term_string}"},"query-input":{"@type":"PropertyValueSpecification","valueRequired":true,"valueName":"search_term_string"}}],"inLanguage":"en-US"},{"@type":"Organization","@id":"https://www.hasch.eu/en/#organization","name":"HASCH UND PARTNER Rechtsanwälte GmbH","url":"https://www.hasch.eu/en/","logo":{"@type":"ImageObject","inLanguage":"en-US","@id":"https://www.hasch.eu/en/#/schema/logo/image/","url":"https://www.hasch.eu/wp-content/uploads/2023/12/cropped-Hasp-Logo-RGB-NEG.png","contentUrl":"https://www.hasch.eu/wp-content/uploads/2023/12/cropped-Hasp-Logo-RGB-NEG.png","width":512,"height":512,"caption":"HASCH UND PARTNER Rechtsanwälte GmbH"},"image":{"@id":"https://www.hasch.eu/en/#/schema/logo/image/"}}]}</script>
<!-- / Yoast SEO plugin. -->

In der Akademie Arbeitsrecht behandeln Sie die wichtigen Themen des Arbeitsrechts, die in der täglichen Arbeit große Bedeutung aufweisen. Nutzen Sie die Gelegenheit, Zweifelsfragen mit hochkarätigen Arbeitsrechts-Experten zu diskutieren und mit Kollegen Praxiserfahrungen auszutauschen. Profitieren Sie vom einzigartigen Akademieformat: Päsentation von Fachexpertise, Darstellung aktueller Fallbeispiele aus der Praxis, Kommentierung durch Top-Arbeitsrechtsexperten, Diskussion und Erfahrungsaustausch. Programm...

HASCH UND PARTNER Rechtsanwälte für Wirtschaftsrecht in Linz und Wien

HASCH UND PARTNER Rechtsanwälte GmbH
